1 + -110100?
11111100010111
In base 12, what is -1130430 + -81?
-11304b1
In base 6, what is -15411 - -332410?
312555
In base 11, what is 115aa69 + -6?
115aa63
In base 8, what is -1506561 + -2146?
-1510727
In base 10, what is -1 + -1268625?
-1268626
In base 16, what is 6d589 + -51?
6d538
In base 15, what is -b8e3c + 1d?
-b8e1e
In base 10, what is 4 - 13716494?
-13716490
In base 2, what is -1 - -110101011010101110111101?
110101011010101110111100
In base 11, what is 314429 + -254?
314185
In base 10, what is -795033313 + 3?
-795033310
In base 11, what is -95 - 40797a?
-407a64
In base 4, what is 103321 - 3330210?
-3220223
In base 7, what is 502 + -105520?
-105015
In base 7, what is 6562 + -10062?
-200
In base 12, what is 1356 + -5954?
-45ba
In base 10, what is 0 + -1131505?
-1131505
In base 3, what is -1001222200000201 + 10?
-1001222200000121
In base 12, what is 3459 - 28?
3431
In base 2, what is -11010101001010110 - 1100111100?
-11010110110010010
In base 13, what is -189011 - -64?
-188c7a
In base 15, what is b + c3011?
c301c
In base 6, what is -31314210232 - 1?
-31314210233
In base 2, what is -11 + -100101111100100100001110?
-100101111100100100010001
In base 8, what is -4721563530 + 4?
-4721563524
In base 15, what is -1 + 1c957d?
1c957c
In base 9, what is -764 - -14320?
13445
In base 11, what is 4163 + -1107?
3057
In base 5, what is -322331324 + 31?
-322331243
In base 15, what is -2523e7a + -9?
-2523e84
In base 7, what is 1 - 124131324?
-124131323
In base 3, what is -10 + -10202102210211021?
-10202102210211101
In base 5, what is -4003103200 - -100?
-4003103100
In base 12, what is 19 - 3730166?
-3730149
In base 4, what is 203031 + 200121?
1003212
In base 14, what is -1b - 635ac?
-635c9
In base 4, what is 103301 + -3120223?
-3010322
In base 2, what is 1000101100 - -10100111010000101?
10101000010110001
In base 12, what is b - -1652a476?
1652a485
In base 10, what is 3125526 + 5?
3125531
In base 7, what is 4 - -31053004?
31053011
In base 11, what is -10a + 2895028?
2894a19
In base 6, what is 42250 + -1314142?
-1231452
In base 8, what is 17024 - 117033?
-100007
In base 6, what is -134 + -243005?
-243143
In base 16, what is 66e32 - -5f?
66e91
In base 16, what is -2163 + -974?
-2ad7
In base 11, what is -1331 + -129987?
-130208
In base 11, what is -a + 2128502?
21284a3
In base 2, what is -110000111 + 1011011111110001?
1011011001101010
In base 9, what is 114 - 118264?
-118150
In base 5, what is -102211 - -102003?
-203
In base 7, what is -555322213 + 11?
-555322202
In base 9, what is 6461117 + -18?
6461088
In base 16, what is -3 + 302ed2?
302ecf
In base 11, what is -52004 + 17?
-51a98
In base 14, what is -b - 26bc1?
-26bcc
In base 7, what is -2613024 - -2?
-2613022
In base 6, what is -4050251 - -323?
-4045524
In base 4, what is -10 - -3013322303021?
3013322303011
In base 4, what is 3012013132 + 3210?
3012023002
In base 13, what is -257 - -9394?
913a
In base 13, what is 658 - -5541?
5b99
In base 13, what is -4b05 - 14374?
-19179
In base 12, what is 1 - -976275?
976276
In base 3, what is 102211110221212 - -12?
102211110222001
In base 12, what is 1 - -883140?
883141
In base 10, what is 227465 + -5?
227460
In base 14, what is -4 + 131928c?
1319288
In base 5, what is 234303133 + 3?
234303141
In base 9, what is 47740 - 22?
47717
In base 8, what is 50204366 + -3?
50204363
In base 5, what is 10322 - -22004111?
22014433
In base 16, what is -6795 + -8b?
-6820
In base 15, what is 15ecc94 - -2?
15ecc96
In base 14, what is -13452 + -62c?
-13a80
In base 2, what is 100111100101 - -110111110111?
1011111011100
In base 11, what is -8934507 + -3?
-893450a
In base 15, what is -4405c - 5d?
-440ba
In base 15, what is -30 + 82e44?
82e14
In base 2, what is 100 + 100010000000110100010?
100010000000110100110
In base 10, what is 114820877 - 3?
114820874
In base 11, what is -42 + 5a1a45?
5a1a03
In base 14, what is -1 - -1d52696?
1d52695
In base 11, what is -212673 - -a?
-212664
In base 7, what is 25643126 - -230?
25643356
In base 13, what is 126c - -9c5c?
b1cb
In base 9, what is -38413482 + -7?
-38413500
In base 9, what is -5 - 3305121?
-3305126
In base 11, what is -3572 - -32337?
29875
In base 8, what is -265456 - -524?
-264732
In base 15, what is 3be156 + -73?
3be0d3
In base 5, what is -34314223141 + 2?
-34314223134
In base 16, what is 374cd6 - 5?
374cd1
In base 15, what is -7aac - 1b03?
-96b0
In base 15, what is -136b + -1bc?
-1538
In base 4, what is -302030 + -302323?
-1211013
In base 8, what is 1077 - -517651?
520750
In base 10, what is -76 - -1497962?
1497886
In base 3, what is 20022 + 1210020010212?
1210020101011
In base 14, what is 8 - c7397?
-c738d
In base 12, what is 167b204 - 2a?
167b196
In base 16, what is 358239 - 38?
358201
In base 11, what is 4875a - 22?
48738
In base 11, what is -6365a + -2996?
-66545
In base 12, what is 52b0a + 1a?
52b28
In base 2, what is -101 + 111011110011111101001?
111011110011111100100
In base 9, what is -11 - -7025388?
7025377
In base 15, what is 136 - 1b3e27?
-1b3ce1
In base 16, what is -424 + -12192?
-125b6
In base 14, what is db51ba71 - -4?
db51ba75
In base 16, what is -5 - 3e39ec?
-3e39f1
In base 5, what is -4000144 - 1001210?
-10001404
In base 12, what is -22861666a + -5?
-228616673
In base 9, what is 35186 - -3308?
38505
In base 3, what is -2 + -111111212122002?
-111111212122011
In base 5, what is -4000 - 114244?
-123244
In base 6, what is -340 + 44501?
44121
In base 13, what is -1a15 - 139?
-1b51
In base 4, what is 3133 + -3222312033?
-3222302300
In base 13, what is 391c67 - -1?
391c68
In base 9, what is -31 + -4248781?
-4248822
In base 13, what is -40 - 21621?
-21661
In base 4, what is 123121230 + -122133?
122333031
In base 10, what is -3 + -2156495?
-2156498
In base 13, what is 33ba520b - 5?
33ba5206
In base 14, what is -9163 - -1170?
-7dd3
In base 16, what is 196 + -11f839?
-11f6a3
In base 7, what is 226364 + -2432?
223632
In base 15, what is -17a1c4 - 7?
-17a1cb
In base 8, what is -5042655006 - 2?
-5042655010
In base 12, what is -5 - 327553a?
-3275543
In base 5, what is 21030043241 - -11?
21030043302
In base 3, what is -111011121011202 + -212?
-111011121012121
In base 5, what is 24442213 + 102?
24442320
In base 2, what is 1011001111010 - 11001101010?
1000000010000
In base 12, what is -85a0218 + -1?
-85a0219
In base 9, what is 0 - 3057200?
-3057200
In base 13, what is -230 + 3596?
3366
In base 16, what is 1b8c45 + 3?
1b8c48
In base 16, what is 23d21 - -41c?
2413d
In base 2, what is 111000000101110000000110100011 + 100?
111000000101110000000110100111
In base 7, what is 3454 - -52300?
56054
In base 13, what is 5514b3 + -4?
5514ac
In base 16, what is -107 - 28fc2?
-290c9
In base 12, what is 8 + -23829b?
-238293
In base 5, what is 10143034 + 3334?
10201423
In base 6, what is 135245222 - 104?
135245114
In base 13, what is -1 + -924821?
-924822
In base 5, what is -3142021112 - -3?
-3142021104
In base 2, what is -11011111000011 + 11101101101?
-11000001010110
In base 8, what is 0 - 217314124?
-217314124
In base 4, what is 32220022 - -1221?
32221303
In base 12, what is 5 + -147997?
-147992
In base 13, what is a + -192481?
-192474
In base 7, what is 461011 - 24310?
433401
In base 14, what is 70c3aa3 - -4?
70c3aa7
In base 13, what is -10 + 14a8a7?
14a897
In base 16, what is -12ad - 6e1?
-198e
In base 4, what is 2020030023 - 301?
2020023122
In base 7, what is -5250203 + 50?
-5250123
In base 5, what is -11331214002 + 31?
-11331213421
In base 5, what is -203 + -2333411243?
-2333412001
In base 12, what is -32363a3 + 65?
-323633a
In base 13, what is -18536a + -3a?
-1853a7
In base 2, what is 11110100000101010111111110011 + 10?
11110100000101010111111110101
In base 6, what is 553451 - 512?
552535
In base 4, what is -10313302211 + 110?
-10313302101
In base 11, what is 8613405 - 1?
8613404
In base 7, what is -5436226 + 30?
-5436166
In base 16, what is -3 + -14fd80c?
-14fd80f
In base 8, what is -12303 - -710?
-11373
In base 4, what is 12 - 112201311031?
-112201311013
In base 7, what is -252 + -124603466?
-124604051
In base 8, what is -12714653 + 260?
-12714373
In base 5, what is -112 - -212413212?
212413100
In base 16, what is -3 - 490eb0?
-490eb3
In base 15, what is -3768ad + 1?
-3768ac
In base 13, what is a - -32b3a05?
32b3a12
In base 9, what is -378